{"id":527,"date":"2017-01-05T14:31:35","date_gmt":"2017-01-05T14:31:35","guid":{"rendered":"http:\/\/fkf.fi\/?page_id=527"},"modified":"2025-02-13T10:34:45","modified_gmt":"2025-02-13T08:34:45","slug":"ansokan-2","status":"publish","type":"page","link":"https:\/\/fkf.fi\/index.php\/ansokan-2\/","title":{"rendered":"Ans\u00f6kan"},"content":{"rendered":"<p><div class='content-column one_third'><img loading=\"lazy\" decoding=\"async\" class=\"alignnone wp-image-579\" src=\"https:\/\/fkf.fi\/wp-content\/uploads\/2017\/01\/IMG_7576.jpg\" width=\"320\" height=\"422\" \/><\/div>Du kan ans\u00f6ka om studieplats p\u00e5 3 &amp; Student genom den gemensamma elevans\u00f6kan p\u00e5 <a href=\"https:\/\/opintopolku.fi\/konfo\/sv\/toteutus\/1.2.246.562.17.00000000000000028593\">studieinfo.fi<\/a>. Observera d\u00e5 att linjens officiella namn \u00e4r Grundexamen i pedagogisk verksamhet och handledning (<span class=\"ng-binding\">Kompetensomr\u00e5det f\u00f6r handledning av ungdomar och gemenskaper)<\/span>. Du kan komplettera din ans\u00f6kan till studieinfo genom att ringa kansli 06 319 1500 eller skicka en fritt formulerad ans\u00f6kan till <a href=\"mailto:kansli@fkf.fi\">kansli@fkf.fi<\/a>. \u00c4nnu os\u00e4ker eller har andra fr\u00e5gor? Det g\u00e5r bra att kontakta oss p\u00e5 skolan och diskutera.<\/p>\n<p style=\"text-align: left;\"><div class=\"h5ab-print-button-container\"><div class=\"h5ab-print-button h5ab-print-button-left\" style=\"cursor: pointer; color: #555\"><i class=\"fa fa-print fa-lg\"><\/i>\n\t\t\t\t\t\t\t<span>Printa ut denna sida<\/span><\/div><\/div><\/p>\n","protected":false},"excerpt":{"rendered":"<p>Du kan ans\u00f6ka om studieplats p\u00e5 3 &amp; Student genom den gemensamma elevans\u00f6kan p\u00e5 studieinfo.fi. Observera d\u00e5 att linjens officiella namn \u00e4r Grundexamen i pedagogisk verksamhet och handledning (Kompetensomr\u00e5det f\u00f6r handledning av ungdomar och gemenskaper). Du kan komplettera din ans\u00f6kan till studieinfo genom att ringa kansli 06 319 1500 eller skicka en fritt formulerad ans\u00f6kan&hellip; <span class=\"kuorinka-read-more\"><a href=\"https:\/\/fkf.fi\/index.php\/ansokan-2\/\" class=\"more-link\">Read more <span class=\"screen-reader-text\">Ans\u00f6kan<\/span><\/a><\/span><\/p>\n","protected":false},"author":5,"featured_media":0,"parent":0,"menu_order":0,"comment_status":"closed","ping_status":"closed","template":"","meta":{"footnotes":""},"class_list":{"0":"post-527","1":"page","2":"type-page","3":"status-publish","5":"entry"},"_links":{"self":[{"href":"https:\/\/fkf.fi\/index.php\/wp-json\/wp\/v2\/pages\/527","targetHints":{"allow":["GET"]}}],"collection":[{"href":"https:\/\/fkf.fi\/index.php\/wp-json\/wp\/v2\/pages"}],"about":[{"href":"https:\/\/fkf.fi\/index.php\/wp-json\/wp\/v2\/types\/page"}],"author":[{"embeddable":true,"href":"https:\/\/fkf.fi\/index.php\/wp-json\/wp\/v2\/users\/5"}],"replies":[{"embeddable":true,"href":"https:\/\/fkf.fi\/index.php\/wp-json\/wp\/v2\/comments?post=527"}],"version-history":[{"count":62,"href":"https:\/\/fkf.fi\/index.php\/wp-json\/wp\/v2\/pages\/527\/revisions"}],"predecessor-version":[{"id":3087,"href":"https:\/\/fkf.fi\/index.php\/wp-json\/wp\/v2\/pages\/527\/revisions\/3087"}],"wp:attachment":[{"href":"https:\/\/fkf.fi\/index.php\/wp-json\/wp\/v2\/media?parent=527"}],"curies":[{"name":"wp","href":"https:\/\/api.w.org\/{rel}","templated":true}]}}