{"id":2743,"date":"2019-07-04T13:09:55","date_gmt":"2019-07-04T10:09:55","guid":{"rendered":"http:\/\/fkf.fi\/?page_id=2743"},"modified":"2024-01-19T10:50:59","modified_gmt":"2024-01-19T08:50:59","slug":"lang-matematik-2020","status":"publish","type":"page","link":"https:\/\/fkf.fi\/index.php\/lang-matematik-2020\/","title":{"rendered":"L\u00e5ng Matematik 2020"},"content":{"rendered":"\n<p class=\"p1\"><span class=\"s1\">Kursen <b>L\u00e5ng Matematik 2020<\/b> \u00e4r f\u00f6r dig som v\u00e5ren 2020 vill skriva studentexamen i l\u00e5ng matematik. Kanske vill du h\u00f6ja ditt vitsord i den l\u00e5nga matematiken eller s\u00e5 skriver du l\u00e5ng matematik f\u00f6r f\u00f6rsta g\u00e5ngen.<\/span><\/p>\n<p class=\"p1\"><span class=\"s1\">Inom kursen f\u00f6r l\u00e5ng matematik g\u00e5r vi igenom l\u00e4roplanens alla tio obligatoriska kurser i l\u00e5ng matematik samt d\u00e4rtill ytterligare tv\u00e5 f\u00f6rdjupande kurser. Varje obligatorisk kurs behandlas under en tidsperiod av tv\u00e5 veckor som inneh\u00e5ller fjorton lektioner. Lektionerna kompletteras med ett rikligt material av uppgifter som utf\u00f6rs p\u00e5 egen tid.<\/span><\/p>\n<p class=\"p1\"><span class=\"s1\">F\u00f6rkunskapskrav f\u00f6r kursen <b>L\u00e5ng Matematik 2020<\/b> \u00e4r avlagda obligatoriska gymnasiekurser i antingen kort matematik eller l\u00e5ng matematik.<\/span><\/p>\n<p class=\"p1\"><span class=\"s1\">Kursen <b>L\u00e5ng Matematik 2020<\/b> som genomf\u00f6rs \u00e4r kostnadsfri. Som l\u00e4rare fungerar Tomas Swanljung. <\/span><\/p>\n<p class=\"p1\"><span class=\"s1\">Kursanm\u00e4lningar skickas till <a href=\"mailto:kansli@fkf.fi\">kansli[a]fkf.fi<\/a> eller Fria kristliga folkh\u00f6gskolan, \u00d6stra Kaserntorget 1, PB 46, 65101 Vasa. Kursanm\u00e4lan b\u00f6r inneh\u00e5lla personuppgifter samt betygskopior. Fr\u00e5gor besvaras av Tomas Swanljung, telefon: 050 538 6989, e-post: <a href=\"mailto:tswanlju@fkf.fi\">tswanlju[a]fkf.fi<\/a>.<\/span><\/p>\n","protected":false},"excerpt":{"rendered":"<p>Kursen L\u00e5ng Matematik 2020 \u00e4r f\u00f6r dig som v\u00e5ren 2020 vill skriva studentexamen i l\u00e5ng matematik. Kanske vill du h\u00f6ja ditt vitsord i den l\u00e5nga matematiken eller s\u00e5 skriver du l\u00e5ng matematik f\u00f6r f\u00f6rsta g\u00e5ngen. Inom kursen f\u00f6r l\u00e5ng matematik g\u00e5r vi igenom l\u00e4roplanens alla tio obligatoriska kurser i l\u00e5ng matematik samt d\u00e4rtill ytterligare tv\u00e5&hellip; <span class=\"kuorinka-read-more\"><a href=\"https:\/\/fkf.fi\/index.php\/lang-matematik-2020\/\" class=\"more-link\">Read more <span class=\"screen-reader-text\">L\u00e5ng Matematik 2020<\/span><\/a><\/span><\/p>\n","protected":false},"author":2,"featured_media":0,"parent":0,"menu_order":0,"comment_status":"closed","ping_status":"closed","template":"","meta":{"footnotes":""},"class_list":{"0":"post-2743","1":"page","2":"type-page","3":"status-publish","5":"entry"},"_links":{"self":[{"href":"https:\/\/fkf.fi\/index.php\/wp-json\/wp\/v2\/pages\/2743","targetHints":{"allow":["GET"]}}],"collection":[{"href":"https:\/\/fkf.fi\/index.php\/wp-json\/wp\/v2\/pages"}],"about":[{"href":"https:\/\/fkf.fi\/index.php\/wp-json\/wp\/v2\/types\/page"}],"author":[{"embeddable":true,"href":"https:\/\/fkf.fi\/index.php\/wp-json\/wp\/v2\/users\/2"}],"replies":[{"embeddable":true,"href":"https:\/\/fkf.fi\/index.php\/wp-json\/wp\/v2\/comments?post=2743"}],"version-history":[{"count":3,"href":"https:\/\/fkf.fi\/index.php\/wp-json\/wp\/v2\/pages\/2743\/revisions"}],"predecessor-version":[{"id":3034,"href":"https:\/\/fkf.fi\/index.php\/wp-json\/wp\/v2\/pages\/2743\/revisions\/3034"}],"wp:attachment":[{"href":"https:\/\/fkf.fi\/index.php\/wp-json\/wp\/v2\/media?parent=2743"}],"curies":[{"name":"wp","href":"https:\/\/api.w.org\/{rel}","templated":true}]}}