{"id":184,"date":"2015-12-05T18:56:11","date_gmt":"2015-12-05T18:56:11","guid":{"rendered":"http:\/\/fkf.fi\/?page_id=184"},"modified":"2023-06-13T11:18:58","modified_gmt":"2023-06-13T08:18:58","slug":"ansokan","status":"publish","type":"page","link":"https:\/\/fkf.fi\/index.php\/ansokan\/","title":{"rendered":"Ans\u00f6kan"},"content":{"rendered":"<p><a href=\"https:\/\/fkf.fi\/wp-content\/uploads\/2015\/12\/Kollage-4-Baksida2.jpg\"><img loading=\"lazy\" decoding=\"async\" class=\"alignleft wp-image-162\" src=\"https:\/\/fkf.fi\/wp-content\/uploads\/2015\/12\/Kollage-4-Baksida2.jpg\" alt=\"Kollage-4-Baksida2\" width=\"1083\" height=\"390\"><\/a><\/p>\n<p>Ans\u00f6kan till ett\u00e5riga linjer <a href=\"mailto:kansli@fkf.fi\">kansli<\/a>.<\/p>\n<p><a href=\"https:\/\/fkf.fi\/wp-content\/uploads\/2023\/06\/ansokn.pdf\" target=\"_blank\" rel=\"noopener\">Ans\u00f6kningsblankett f\u00f6r utskrift &gt;&gt;<\/a><\/p>\n","protected":false},"excerpt":{"rendered":"<p>Ans\u00f6kan till ett\u00e5riga linjer kansli. Ans\u00f6kningsblankett f\u00f6r utskrift &gt;&gt;<\/p>\n","protected":false},"author":4,"featured_media":0,"parent":0,"menu_order":0,"comment_status":"closed","ping_status":"closed","template":"","meta":{"footnotes":""},"class_list":{"0":"post-184","1":"page","2":"type-page","3":"status-publish","5":"entry"},"_links":{"self":[{"href":"https:\/\/fkf.fi\/index.php\/wp-json\/wp\/v2\/pages\/184","targetHints":{"allow":["GET"]}}],"collection":[{"href":"https:\/\/fkf.fi\/index.php\/wp-json\/wp\/v2\/pages"}],"about":[{"href":"https:\/\/fkf.fi\/index.php\/wp-json\/wp\/v2\/types\/page"}],"author":[{"embeddable":true,"href":"https:\/\/fkf.fi\/index.php\/wp-json\/wp\/v2\/users\/4"}],"replies":[{"embeddable":true,"href":"https:\/\/fkf.fi\/index.php\/wp-json\/wp\/v2\/comments?post=184"}],"version-history":[{"count":18,"href":"https:\/\/fkf.fi\/index.php\/wp-json\/wp\/v2\/pages\/184\/revisions"}],"predecessor-version":[{"id":2981,"href":"https:\/\/fkf.fi\/index.php\/wp-json\/wp\/v2\/pages\/184\/revisions\/2981"}],"wp:attachment":[{"href":"https:\/\/fkf.fi\/index.php\/wp-json\/wp\/v2\/media?parent=184"}],"curies":[{"name":"wp","href":"https:\/\/api.w.org\/{rel}","templated":true}]}}