{"id":124,"date":"2015-12-05T16:53:31","date_gmt":"2015-12-05T16:53:31","guid":{"rendered":"http:\/\/fkf.fi\/?page_id=124"},"modified":"2018-02-28T03:26:36","modified_gmt":"2018-02-28T01:26:36","slug":"vardlinjen","status":"publish","type":"page","link":"https:\/\/fkf.fi\/index.php\/vardlinjen\/","title":{"rendered":"V\u00e5rdlinjen"},"content":{"rendered":"<p><strong>V\u00e5rdlinjen<\/strong> erbjuder dig ett gediget utbildningspaket. Samtidigt som du k\u00e4nner dig f\u00f6r om v\u00e5rdyrket \u00e4r n\u00e5gonting f\u00f6r dig f\u00e5r en hel del matnyttigt med i bagaget efter \u00e5ret p\u00e5 v\u00e5rdlinjen. F\u00f6rutom \u00e4mnen som barnav\u00e5rd, sjukv\u00e5rd, h\u00e4lsofostran och anatomi finns ocks\u00e5 multimedia och hobbytekniker p\u00e5 programmet. Under \u00e5ret kan du ocks\u00e5 ta del av olika skapande projekt som f\u00f6rverkligas i samarbete med andra linjer p\u00e5 skolan.<\/p>\n<p>De ett\u00e5riga linjerna p\u00e5 FKF \u00e4r studielinjer som ger m\u00f6jlighet att f\u00f6rdjupa sig inom vissa specialomr\u00e5den som till exempel musik. En ett\u00e5rig linje leder inte till n\u00e5gon examen men ger en mycket god grund f\u00f6r vidareg\u00e5ende studier.<br \/>\n<div class=\"h5ab-print-button-container\"><div class=\"h5ab-print-button h5ab-print-button-left\" style=\"cursor: pointer; color: #555\"><i class=\"fa fa-print fa-lg\"><\/i>\n\t\t\t\t\t\t\t<span>Printa ut denna sida<\/span><\/div><\/div><\/p>\n","protected":false},"excerpt":{"rendered":"<p>V\u00e5rdlinjen erbjuder dig ett gediget utbildningspaket. Samtidigt som du k\u00e4nner dig f\u00f6r om v\u00e5rdyrket \u00e4r n\u00e5gonting f\u00f6r dig f\u00e5r en hel del matnyttigt med i bagaget efter \u00e5ret p\u00e5 v\u00e5rdlinjen. F\u00f6rutom \u00e4mnen som barnav\u00e5rd, sjukv\u00e5rd, h\u00e4lsofostran och anatomi finns ocks\u00e5 multimedia och hobbytekniker p\u00e5 programmet. Under \u00e5ret kan du ocks\u00e5 ta del av olika skapande&hellip; <span class=\"kuorinka-read-more\"><a href=\"https:\/\/fkf.fi\/index.php\/vardlinjen\/\" class=\"more-link\">Read more <span class=\"screen-reader-text\">V\u00e5rdlinjen<\/span><\/a><\/span><\/p>\n","protected":false},"author":4,"featured_media":0,"parent":0,"menu_order":0,"comment_status":"closed","ping_status":"closed","template":"","meta":{"footnotes":""},"class_list":{"0":"post-124","1":"page","2":"type-page","3":"status-publish","5":"entry"},"_links":{"self":[{"href":"https:\/\/fkf.fi\/index.php\/wp-json\/wp\/v2\/pages\/124","targetHints":{"allow":["GET"]}}],"collection":[{"href":"https:\/\/fkf.fi\/index.php\/wp-json\/wp\/v2\/pages"}],"about":[{"href":"https:\/\/fkf.fi\/index.php\/wp-json\/wp\/v2\/types\/page"}],"author":[{"embeddable":true,"href":"https:\/\/fkf.fi\/index.php\/wp-json\/wp\/v2\/users\/4"}],"replies":[{"embeddable":true,"href":"https:\/\/fkf.fi\/index.php\/wp-json\/wp\/v2\/comments?post=124"}],"version-history":[{"count":7,"href":"https:\/\/fkf.fi\/index.php\/wp-json\/wp\/v2\/pages\/124\/revisions"}],"predecessor-version":[{"id":745,"href":"https:\/\/fkf.fi\/index.php\/wp-json\/wp\/v2\/pages\/124\/revisions\/745"}],"wp:attachment":[{"href":"https:\/\/fkf.fi\/index.php\/wp-json\/wp\/v2\/media?parent=124"}],"curies":[{"name":"wp","href":"https:\/\/api.w.org\/{rel}","templated":true}]}}